 + h - 21 = 2*u, 3*h + 5 = -2*u. Give n(u).
-7
Let s(w) = -3*w - 4. Let x be (-1)/(-1)*(4 + -6). Let o be s(x). Let t(u) = -4*u + 3. Give t(o).
-5
Let n(b) = -b**2 + 3*b - 3. Let a be n(2). Let h(r) = -4*r**2 - r + 1. Let y(v) = 21*v**2 + 6*v - 5. Let p(f) = 11*h(f) + 2*y(f). Calculate p(a).
-2
Let h = 3 - -5. Let o(z) = z**2 - h - 5 + 14 + 14. What is o(0)?
15
Let h(u) = 5*u**3 + u**2 + 11*u + 14. Let i(z) be the first derivative of z**4/2 + 2*z**2 + 5*z + 4. Let j(v) = -3*h(v) + 8*i(v). Calculate j(3).
-5
Suppose -d + v + 2 = -13, 4*v + 36 = 2*d. Suppose t + d = 4*t, 4*t - 12 = 2*n. Let s be (-48)/(-40)*5/n. Let c(g) = g. What is c(s)?
3
Let b(c) = -c - 1. Let w = -13 - -12. Give b(w).
0
Let r be 0/(2 - 0) + -1. Let u(i) be the first derivative of 4*i**3/3 + 60. Calculate u(r).
4
Let w(c) be the third derivative of c**5/60 + c**4/12 - c**3/3 + 15*c**2. Determine w(-4).
6
Let r(t) be the first derivative of -t**4/4 - 5*t**3/3 - 3*t**2/2 - 3*t - 7. Calculate r(-2).
-9
Let m(p) = 5*p - 7. Let i(t) = 5*t - 6. Let y(g) = -4*i(g) + 3*m(g). Let u = 1 - -1. Give y(u).
-7
Let r(y) = -2*y + 2. Let o(m) = m - 1. Let u(s) = 10*o(s) + 4*r(s). Let q(h) = h - 10. Let l be q(15). Suppose -l*b - 6 = 4. Give u(b).
-6
Let n(c) = -9*c**2 - 5*c - 3. Let d(s) = -9*s**2 - 4*s - 2. Let k(x) = -4*d(x) + 3*n(x). Determine k(1).
9
Let x(v) be the second derivative of -v**5/20 + 5*v**4/12 + v**3/6 - 3*v**2/2 + 2*v. Calculate x(5).
2
Let k(j) = j**3 + 5*j**2 + 6*j + 6. Let y(a) = -a**3 - 4*a**2 - 7*a - 6. Let n(r) = -5*k(r) - 4*y(r). Give n(-9).
12
Let c(r) = -r**3 + 2*r**2 + 3. Let v(o) = 3*o**3 - 5*o**2 - o - 9. Let a(j) = -8*c(j) - 3*v(j). Suppose 0 = -s - 4 + 2. Give a(s).
1
Let l = 5 - 4. Let z be 0 + l + -1 - 4. Let o(c) = c**3 + 3*c**2 - 3*c - 1. Determine o(z).
-5
Let r(t) = t**2 - 3*t - 3. Suppose -4*u - 12 = 4. Let f be 5 + 3/(6/u). What is r(f)?
-3
Suppose -y = -5*y - 8. Let h be (y + 0 + 1)*-3. Let u(q) = 5*q - 2*q**2 + 3*q**2 - 6*q. Calculate u(h).
6
Let f(b) be the second derivative of b**5/40 + b**4/24 - b**3/3 - 4*b. Let q(n) be the second derivative of f(n). Calculate q(3).
10
Let g = -69 - -72. Let n(t) = 2*t**2 - t - 4. Determine n(g).
11
Let l(u) = -u - 11. Let t(s) = -s - 10. Let o(d) = 3*l(d) - 4*t(d). Suppose -12*i + 15*i + 18 = 0. Calculate o(i).
1
Let c = -1 + 1. Suppose c*k = -k. Suppose k*s + 4*s = 20. Let a(t) = -t**3 + 6*t**2 - 5*t - 1. Calculate a(s).
-1
Let z be 9 - (2 - (-3 + 1)). Let i(u) = -2*u + 2. Let g(a) = 3*a - 4. Let t(p) = z*i(p) + 3*g(p). Calculate t(0).
-2
Let s(l) = l**2 - 7*l + 5. Let v be s(7). Suppose 0 = -5*k + v + 5. Let i(m) = m**2 - m**2 - 2 - m**2 + 3*m**2 - m**3. Determine i(k).
-2
Let f be -3*(-3)/(-6)*-2. Let w(k) = 0*k**f + 3*k - 4*k - k**3 + 3 - 4*k**2. Give w(-4).
7
Let r(z) = -z**2 + 3*z + 4. Let m be -2*2/(-2) + 21. Suppose 0 = 4*c - m - 13. Let u = -6 + c. Give r(u).
4
Let a(t) = 7*t + 4. Let k be -3*1 + (12 - 3). Let v(w) = -8*w + 8. Let h(p) = -1. Let u(z) = 12*h(z) + v(z). Let q(c) = k*u(c) + 7*a(c). What is q(0)?
4
Suppose -4*r - 2*a + 10 = 0, 4 + 7 = 2*r - 5*a. Let b(z) = 4 - z**2 - 17 + 3*z + 10. What is b(r)?
-3
Let m(g) be the third derivative of g**6/40 + g**5/30 - g**3/6 + g**2. Let y = -12 + 16. Let j be (y/(-8))/((-1)/(-2)). Give m(j).
-2
Suppose -5*z + 0*l - 1 = -l, l = 3*z + 1. Suppose -4*o = 5*v - 32, 0*o = 5*v + 5*o - 35. Suppose 0 = -v*y - z*y + 20. Let i(h) = -h + 12. Give i(y).
7
Let m(z) = -z - 34. Let w be m(-28). Let t(a) = -a**3 - 7*a**2 - 7*a - 2. Give t(w).
4
Let r(z) = -6*z**2 + 22*z**3 - 3 + 0*z - 6*z - 23*z**3. Give r(-5).
2
Let g(q) be the first derivative of q**5/20 - q**4/6 - q**3/6 - q**2/2 + 6*q + 3. Let f(m) be the first derivative of g(m). Let h = 2 - 0. Calculate f(h).
-3
Let p be ((-1)/((-6)/(-2)))/(3/63). Let q(l) = l**2 + 7*l + 8. What is q(p)?
8
Let x(o) = 6*o**3 - 2*o**2 + 2*o - 2. Let b be x(1). Let y(i) = -4*i + 6. What is y(b)?
-10
Suppose -2*q - q = 5*h - 4, 0 = -h + 3*q - 10. Let r be (-2 - -5) + 0 + -2. Let t be r + -3 + 3 - h. Let o(y) = -3*y**2 + 3*y - 2. Give o(t).
-8
Suppose 4*j = 12, -l + 0 = -j - 1. Let s(g) = 2*g - 3. Give s(l).
5
Let f be 3/12 + (-6)/24. Suppose -3 = g + m, f = -2*g + 6*g + m + 6. Let w(b) = 5*b. Determine w(g).
-5
Let o(y) be the third derivative of -y**5/120 - 3*y**4/8 - 5*y**3/6 - 9*y**2. Let u(n) be the first derivative of o(n). Calculate u(0).
-9
Suppose 0 - 2 = -y. Let s(p) be the first derivative of p**5/30 - p**4/12 + 3*p**2/2 - 2. Let t(h) be the second derivative of s(h). Determine t(y).
4
Suppose 3*q = -m - 3, -3 = 2*m + 4*q + 5. Let i(b) = b. Calculate i(m).
-6
Let v be 2*(-5 + 4 - -2). Let l(b) = b**2 - 2*b + 2. Calculate l(v).
2
Let v(f) = -f**3 - 8*f**2 + f + 3. Let u(o) = o**2 - o. Let b(k) = -u(k) - v(k). Let i(j) = j**2 - 8*j. Let x be i(7). Determine b(x).
-3
Let i(k) = 6*k**3 - 31*k**2 + 11*k - 10. Let z(o) = -o**3 + 6*o**2 - 2*o + 2. Let l(r) = -2*i(r) - 11*z(r). What is l(-3)?
-11
Let v(n) = -35*n**3 + 15*n**3 + 19*n**3 - 4*n + 3*n - n**2. What is v(2)?
-14
Suppose f = -9*v + 4*v + 4, 0 = 3*f + 3*v - 12. Let j(t) = 3 + t + 1 - f + 2. Let c be (-2)/(1/(-2) - 0). Give j(c).
6
Let l(k) = -2*k**3 - 4*k**2 - 3*k - 1. Let q = -4 + 3. Let n(a) = a**3 + a. Let f be n(q). Give l(f).
5
Let x(u) = -4*u + 2. Let d(w) = -3*w + 2. Let t(a) = -3*d(a) + 2*x(a). Suppose -2*p + 15 = -7*p. Give t(p).
-5
Let w(h) = -h**3 + 7*h**2 - 6*h - 7. Let c = -73 + 78. Give w(c).
13
Let t(o) = -o + 10. Let k be t(8). Suppose -b - 18 = -2*z + b, -z + 14 = -2*b. Let i(v) = 2*v**3 - 2*v**2 - v + 4*v**2 - z*v**3. Give i(k).
-10
Let u(t) = -t**2 - 3*t - 6 - t - 4*t. Let g be u(-7). Let r(k) = -1 + k + 11 - g. What is r(0)?
9
Let v(i) be the third derivative of 0*i + 4*i**2 + 0 - 1/6*i**3 + 2/15*i**5 + 0*i**4. What is v(1)?
7
Let p(w) = -7*w**2 + 3*w + 13. Let s(c) = 19*c**2 - 10*c - 38. Let l(v) = 8*p(v) + 3*s(v). Determine l(7).
-3
Let p(z) be the first derivative of z**3/3 + 3*z**2 - z - 3. Let x(c) be the first derivative of p(c). What is x(-4)?
-2
Let w(s) = s**2 - 3*s + 3. Let q be w(4). Let x = 11 - q. Let l(r) = r - 5. Calculate l(x).
-1
Let u(h) = 6 - h**2 - 3*h + 2*h**2 + 8*h. Suppose -5*x - 5*y = -40, 4*x - 40 = -5*y - 5. Let q be 1 - (x + (1 - 0)). Calculate u(q).
6
Let v(t) = 6*t. Let p(b) = b. Let w(n) = -14*p(n) + 3*v(n). Determine w(-1).
-4
Let b(c) = -c**2 + 6*c - 1. Let o be 2 + (6/3 - 2). Suppose -8 = o*u - y, -y + 0 = -2. Let m = u - -8. Determine b(m).
4
Let d(z) be the third derivative of z**6/80 - z**5/120 + z**4/8 + z**2. Let c(s) be the second derivative of d(s). Determine c(-1).
-10
Let w(v) = 3 + 6*v - 7*v - 5 - v. Let f be -8 - (-6 + 2 - -2). Calculate w(f).
10
Suppose -8*j + 10 = -3*j. Let o(a) = -4*a - a**3 + a**j + 4*a + 0 + 4. Suppose t - f = 1, -1 - 2 = 5*t + 3*f. Give o(t).
4
Suppose 0*k - 2*k = 4. Let a(f) = -f**2 - 3 + 2*f + 2 - 2*f. Calculate a(k).
-5
Let t(l) = -4*l + 0*l + l + 2*l + l**2 + 12. Let o(r) = r + 1. Let m(s) = 5*o(s) - t(s). Calculate m(5).
-2
Let g(s) = -s**2 - 7*s + 2. Suppose 4*r = -2*d - 18, 0*d + 3*r = -3*d - 24. Give g(d).
2
Suppose 7*z = 2*z. Suppose z = -4*w - 0*w. Let x(s) = s**2 + 2 + 3 - 2. Calculate x(w).
3
Let h be ((-2)/8)/(14/56). Let i(w) = 9*w**2 + 4*w + 2. Let d(x) = -14*x**2 - 6*x - 3. Let v(z) = -5*d(z) - 7*i(z). What is v(h)?
6
Suppose v + 2*v - 9 = 0. Let h(r) be the first derivative of 5 - 3 - 1 - 2*r**2 + 1 - v*r. Calculate h(-3).
9
Let y(a) be the first derivative of a**3/3 - a**2 + 2*a - 17. What is y(3)?
5
Let l(g) = 43*g**2 - 3*g + 3. Let q(f) = -14*f**2 + f - 1. Let a(r) = -4*l(r) - 11*q(r). Determine a(1).
-18
Suppose -3*y - 2*l + 16 = 0, 3*y = -3*l + 5*l + 8. Let k(a) = -a**3 + 4*a**2 + 5. What is k(y)?
5
Let z(w) = -w**2 - 6*w + 1. Let g be (-6)/21 + 74/14. Let i(f) = 2*f**2 + 12*f - 2. Let b(k) = g*z(k) + 2*i(k). Let h = 5 - 10. What is b(h)?
6
Let v(i) = -12*i - 1. Let y be (-10)/4*12/(-15). Let w(b) = 13*b + 1. Let r(k) = y*w(k) + 3*v(k). Suppose -2*q + 2 = 4. Calculate r(q).
9
Let v = -37 - -33. Let k(l) = -3*l - 2. Give k(v).
10
Let l(s) = s**2 + s. Let f be l(-2). Let a(w) = -2*w + w**2 + 3 + 0*w**2 + 0 - 1. What is a(f)?
2
Let b(u) = -3*u - 3. Let t(m) = 4*m + 4. Let x(r) = -6*b(r) - 5*t(r). Let d = 6 + 2. Suppose -h = h + d. Calculate x(h).
6
Let d = 2 - 0. Le